 12))?
71
Evaluate -24 + 4 + 5 + -29.
-44
Calculate -62 + -6 + 34 + 21 + 0 + -121.
-134
Calculate (-63 - -18) + 81 + -40.
-4
Evaluate (-17 + 6 - 6) + 2 - (5 - 6 - 3).
-11
Evaluate (-3 - 0) + (9 - (-32 - -27)).
11
Evaluate 3 + -6 - 5 - (1 - (-20 + 10)).
-19
What is the value of -73 + (149 - (63 - -8))?
5
Evaluate (69 - (34 + 21)) + 23.
37
What is the value of -2 + -2 + 2 + ((3 - -135) + -15 - 37)?
84
Evaluate -55 + 88 + -16 - 26.
-9
(9 - 21) + 9 + (11 - (-3 + -24))
35
What is 21 + -3 + -96 + 30?
-48
Calculate 6 + (-1 + 16 - ((16 - 30) + 20 + -13)).
28
11 + 4 + -8 + (-72 - -6)
-59
Calculate (19 - (49 - (26 + -4))) + 3 + -11.
-16
What is (24 - 2) + (-76 - -56 - 63)?
-61
Evaluate 3 + (8 + -5 - -2) + -11 - -7.
4
What is (-36 - -1) + (-1 - 1) + (2141 - 2130)?
-26
What is the value of (20 - 9) + -7 + 1 + (-3 - 2) + 14?
14
45 + (-49 - (-55 + 9))
42
Evaluate 28 - (-112 - -118 - (-1 - 0 - 5)).
16
What is the value of 7586 - 7594 - ((-4 - 1) + (0 + 3 - 3))?
-3
Calculate (-22 - (-12 - -20 - 45)) + -42.
-27
Calculate -60 + -36 + (140 - 46) - (0 - (1 - 44)).
-45
(-7 + -1 - (24 - 54 - -27)) + -36 - 0
-41
What is the value of -106 + (-93 - -168) + 91?
60
What is the value of -7 - (203 + -80 + -155)?
25
What is the value of (30 - -21) + -56 + 18 + -1?
12
Calculate -32 + (33 - -13) - (28 - (7 + -2)).
-9
Calculate 136 - (130 - (0 + 82)).
88
36 - (-65 - (-11 - 46))
44
Evaluate (-9 - 0 - (7 - 28)) + 8 + -57.
-37
-12 - (-4 + (7 - -4) - (-4 + 10))
-13
Calculate 1 + 29 + (38 - 28) - 4.
36
What is -90 + 36 + -7 + 21?
-40
Calculate -4 + 1 - (0 + -143 - (974 - 1000)).
114
What is (-155 - -154 - (3 - (-7 - 73))) + 10?
-74
-1 - (24 - -8) - -24
-9
Calculate -17 + 68 + -98 + 22 + -2.
-27
-22 - (-113 + -19) - (47 - 27)
90
What is 31 - (0 + 1 - (-733 - -701))?
-2
Evaluate 12 + 14 + (-49 - 8) + 38.
7
What is (0 + (8 - (23 + -13)) - 70) + 7?
-65
What is the value of -21 - (5 + 6 + -18 + 11)?
-25
Calculate 77 + (-60 - -12) + 23.
52
What is (24 - 19) + (-11 + 17 - 15)?
-4
What is the value of 0 + -19 + -1 + (-3176 - -3245)?
49
What is 67 + -115 + -6 + 32?
-22
-5 + 4 + -9 + 6 + -6 + 7
-3
(72 - -1) + (-567 - -547)
53
4 - (-3 - (23 + -43 + 8 - -28))
23
What is the value of 24 + -145 - 0 - (16 + (-8 - 4))?
-125
Calculate -68 - (19 + -12 + -21 + 10) - -11.
-53
What is the value of -17 + 1 - (-20 + 10) - -37 - -10?
41
What is -21 + (6 - 0) + -3 + 10 + (2 - 3)?
-9
(-11 - (28 + -21 - 9)) + 63
54
What is -66 + (6 - -28 - (-7 - -8))?
-33
Evaluate -6 + 1 + 6 + (79 + -60 - (-1 + 13)).
8
Calculate -23 + 62 + -21 + 0 - (-28 - -2).
44
Calculate -64 - (2 + 12 - ((1 - 9) + 25)).
-61
What is the value of -61 + -58 - (-48 - 11)?
-60
What is the value of 2 - (24 + -83 - -22)?
39
What is (-4 - (-2 - -2)) + (-19 - -27 - 16 - -46)?
34
(-15 - (-4 - (-5 + (18 - 10)))) + (44 - -5)
41
What is the value of -5 + 2 + -14 - -7 - (-4 + 35)?
-41
Calculate (55 - 44) + (61 - (5 + (-19 - -10))).
76
What is the value of -1307 - -1405 - (3 + 4 - -9)?
82
(15 - (-1 - -14) - (-25 + -1)) + 19
47
Evaluate -17 + -4 + -45 + 82 + 1.
17
Calculate 4 - (-4 + 1 - (39 + -29 - 27)).
-10
What is the value of 7 - (-29 + 48 + (-63 - -12))?
39
Calculate 123 - 12 - (11 + 54).
46
Calculate 6 + -15 + 7 + (5 - 56 - -11).
-42
Evaluate -85 - (1062 - 1066 - (2 + (-12 - 0) - -3)).
-88
What is the value of 926 - 967 - (0 - 72)?
31
Calculate 8 + -6 + 15 + (-28 - -22).
11
What is (-1 + 2 + 10 + -22 - 17) + 13?
-15
Calculate 1 + 92 + (37 - 1 - (205 - 179)) - 2.
101
Calculate (-1 - (0 - 4)) + 4 - (5 + 3).
-1
What is 0 + 30 + (-316 - -326) - -4?
44
Calculate 6 + 5 + 2 + -14 + -13 - (-216 + 177).
25
What is the value of -51 - (-23 + 10) - (-9 - -3 - (-1 + 6))?
-27
What is the value of 50 - -2 - 5 - (-13 + 7 + 15)?
38
What is the value of 27 + -10 + 4 + 101 + -20?
102
Evaluate 50 + (3 - 4) - (140 - 154 - (1 - 18)).
46
Evaluate 0 + -143 + (-131 - 7) + 142.
-139
What is the value of -9 + -19 + (-16 - -20) + -6?
-30
21 - (43 + -22) - -16
16
Evaluate 29 + -24 - (10 - 58 - -7).
46
(-40 - (-173 - -18)) + -24
91
What is the value of -9 + 68 + (9 + -12 + -1 - 5) + 0?
50
What is the value of (273 - (-14 - -254)) + (-1 - -2 - (-1 - -2))?
33
What is -74 - 1 - (1502 + -1539)?
-38
What is (-71 - -2) + ((-24 - (-29 + 4)) + -19 - -6)?
-81
21 - 2 - (13 + (-5 + 12 - 1) - 6)
6
Calculate (-53 - (0 - 76)) + 20.
43
Calculate -6 - (-180 + 172 + (0 - 3)).
5
Evaluate -15 + (1 - 11) + (123 + 21 - 12).
107
What is (-128 - -182) + (2 - 19)?
37
Calculate -81 + 106 + (-4 - -1) - (111 + 16).
-105
Evaluate -20 - 25 - (-8 + -46) - (0 + 0 + 5).
4
49 - (1 - (-19 - -19) - -23)
25
Evaluate (-75 - 34) + -15 + 94.
-30
Evaluate (17 - 10) + -16 + 45.
36
16 - 6 - 4 - (-82 - (-51 + 58))
95
(12 - 2 - (4 + 3 + -1)) + 4
8
Calculate -20 + 18 + 4 + 12 - (-4 + -38).
56
What is -21 + (293 - 276 - (24 - 0))?
-28
What is -50 - 1 - (2609 - 2637)?
-23
What is the value of -92 + (15 - -86) + -83?
-74
What is the value of (-8 - (-12 + -4)) + 67 + -7 + -4 - 10?
54
3 - ((5 - (8 + -2)) + 0) - (-34 + 33)
5
What is the value of -133 + 133 - (3 + -12) - 31?
-22
What is the value of -27 + 0 + (192 - (156 + 20))?
-11
What is the value of (35 - 5) + (87 - 128)?
-11
Evaluate 3 - 136 - (-1593 - -1499).
-39
Evaluate -38 + 3 + 5 + (25 - (38 + -7)).
-36
Evaluate -47 - (-64 + 9) - (-8 + 2).
14
Evaluate (163 - 175) + 0 + -8 + 13.
-7
(-7 + 2 - -2) + (-5 - -26) + 21
39
What is -4 + 5 + (6 + 1 - 12) + 133 + -59?
70
Calculate (35 - 9) + -38 + -30.
-42
What is -14 - (-70 + (32 - 10))?
34
What is 4 + -4 + -11 + 1 + 21 + -15 + 46?
42
205 - 176 - (15 + 38)
-24
Evaluate 21 + -6 + -65 + (27 - 21).
-44
Evaluate 0 - 5 - (-44 + 43 - (0 + 82)).
78
Evaluate -3 + (-37 + 97 - -4) - (1 + 11).
49
Evaluate -98 + 34 + 198 + -101.
33
Evaluate (-10 - (1 + -13 - -3)) + 82 - -5.
86
(0 - 7 - (20 - -12)) + -3 + 20
-22
(-3 + (6 - -50) - 13) + -1 + 0 + -2
37
Evaluate 27 + (3 + -3 - -1) - (22 + -32).
38
Evaluate 23 + -2 + (46 - 72) + 100.
95
-297 + 309 - (0 - -9 - 0) - 58
-55
Calculate 21 - (1227 - 1237 - (6 - 1)) - (-1 - 1).
38
-6 - -2 - -9 - (-42 - (7 - -25))
79
What is the value of (0 - 8) + 37 + -9 + 3?
23
Evaluate 50 - (62 - 80) - (2 - -26).
40
20 + -4 + (24 - 35)
5
Calculate (15 - 18 - -22) + -21 - (8 + 1) - -24.
13
Evaluate (-59 - (10 + -4) - 16) + (-12 - -2) - 6.
-97
What is the value of -81 + 34 - -35 - -2?
-10
What is 40 + (-145 + 90 - -90)?
75
What is the value of (-5 - (4 - 1)) + -950 + 1033?
75
Evaluate (71 - 153) + 72 + 25.
15
What is 22 - -1 - ((92 - 90) + -10 + 4 - -9)?
18
Evaluate -20 + 11 + 66 - 56.
1
Evaluate (-29 - (41 - 1)) + 33.
-36
1 + 13 + -32 + 31 + -74 + 20
-41
Calculate 11 - 7 - (18 + 47 - -7 - 18).
-50
What is the value of -1 + -9 + 1 + 41 + -22?
10
-127 + 13 + 204 + -123
-33
Evaluate (90 - (5 + -2)) + (34 + -8 + -10 - 17).
86
Evaluate -10 + -11 - (54 + -55) - -6.
-14
What is -27 + 38 + -9 + (13 - -19)?
34
Evaluate 32 - 42 - (-2 + 1 + -70 + 8).
53
What is -2 - -49 - (-922 + 974)?
-5
Evaluate 18 + (-11 - -18) - 75.
-50
What is 57 + (-27 - -26 - ((-10 - -8) + 14))?
44
Calculate (-3571 - -3569) + (4 - -1) + -2.
1
Evaluate (-3 - (-1 - 12)) + -35 + 13 + 23.
11
-96 + (54 - -1) - -74
33
Calculate -13 + -9 - (4 - 8 - -20).
-38
Calculate (8 + -6 + 4 - 19) + 3 + 8 - -25.
23
What is -19 + (-7 + 69 - 47)?
-4
Evaluate -17 - ((-14 - 13) + -20).
30
Calculate (-20 - 60) + 44 + 87 + -7.
44
Evaluate 6 + (-23 - -24) + -27 + 7 + -62.
-75
-149 + (-97 + 113 - (0 + 2 + -20 + 19))
-134
What is -39 + 42 - (21 + -30)?
12
Calculate -44 - (1 + 7 + 2 + (5 - 0 - 12)).
-47
Evaluate 53 + -58 + -17 - 8.
-30
What is 127 + 2 + -10 - ((34 - 39) + 15)?
109
What is the value of 3 - (-2 - -5) - (-567 - -542)?
25
What is -65 + 0 - (25 - 25) - (23 + -15 - 4)?
-69
What is the value of (-23 - -35) + (-6 - -8) + -37?
-23
Evaluate 9 + -8 - ((-7 - (-1 + -6 - -8)) + -10).
19
Evaluate (4112 - 4131) + (-1 - 0 - -2).
-18
Calculate -29 - (-33 - (-41 + 16)).
-21
Evaluate 1 + -7 + 33 + -60 + (-6 - 0) + -6.
-45
What is the value of 12 - 3 - 2 - ((-4 - -5) + -1 + 71)?
-64
-2 - 82 - (-80 - -74)
-78
Evaluate (4 - (0 + 7)) + -31 - 3 - 2.
-39
Evaluate 12 + -142 + 6 + (-69 - -86).
-107
Evaluate (-53 + 53 - (-25 - -5)) + -60.
-40
Calculate (2 - 9) + -15 + 34 + -24 + (16 - 3).
1
What is the value of -23 - -76 - (-32 + -1 + 14)?
72
Calculate 64 + -60 + -17 + 6.
-7
What is the va